2 + 6 + (36 - (-28 + 60)) - 102.
-88
Evaluate (407 - 371) + (-29 - 0).
7
What is the value of 35 - ((15 - 67) + 85)?
2
Evaluate (-3676 - -3684) + (5 - (1 + -2)) + -72.
-58
What is 7 + (33 - 20) + -28 - -6 - -43?
41
(-27 - (-17 - (24 + -25))) + (-1 - 2)
-14
Evaluate -59 - 113 - -174 - (-62 + 0).
64
What is -31 + 3 + (16 - (-33 + 85 + -31))?
-33
-1 + (-15 - -68) + (4 - (1 + 4 + 11))
40
(-15 - -12) + 4 + 0 + -10
-9
What is the value of -3 - (-2 + 9 - (-25 + (23 - -3) + -7))?
-16
Evaluate 37 + -44 + (2 - -49) - (-31 + (7 - -36)).
32
Calculate (-6 - (26 - 8) - -36) + -26 + -1.
-15
What is the value of -3 - (49 + -24) - -4?
-24
Evaluate 3 + -2 - ((2 - (101 + -34)) + 22).
44
(-19 - -12) + -7 + (-1 - 7) + 63
41
-13 + -3 - (-9 - 14) - -3
10
What is 1 + (-3 - 1) + 62 + -63 + 8?
4
What is the value of -6036 - -5956 - (-85 + 0)?
5
What is the value of -142 - (-13 + (-60 - 26))?
-43
Evaluate (-39 + 46 + (-3 - -11) - 50) + (7 - 3).
-31
Calculate -46 + 49 + -19 - 12 - 93.
-121
Evaluate (11 + -78 - -25) + 79.
37
Evaluate -1065 + 1036 - (0 - 5) - 23.
-47
What is (20 + -2 + 18 - 4) + -21?
11
Evaluate (-96 - (49 + -249)) + -197.
-93
What is the value of 8 + (-87 + -10 - ((129 - 125) + (-1 - 2)))?
-90
What is -19 - (-6 + (0 - (-13 + 15))) - (41 - -4)?
-56
Evaluate 19 - (24 + -7 + 7).
-5
Evaluate 1 - 4 - -18 - -17 - -11.
43
What is 26 + -9 + -59 - -146 - -16?
120
Evaluate (53 - 1) + (-76 - -66 - 1).
41
Evaluate -14 - ((-3 - (61 - 23)) + 10 + -7).
24
Calculate 110 + (1 - 67) + -72.
-28
Calculate -157 + (-8 - ((16 - 0) + -74 + 46)) + 11.
-142
0 - 32 - -1 - (-83 + 78)
-26
Calculate (-132 + 80 - (-24 - 3)) + 0.
-25
Calculate (11 - 17 - 8) + (-24 - -11).
-27
Calculate 10 + -28 + 28 - 64.
-54
Evaluate 0 + -4 - (-25 + 6 + (20 - 24)).
19
(-11 - -40) + -57 + 10
-18
Evaluate -6 - (-12 - -4) - -57 - (-2 - (3 - 5)).
59
What is the value of (73 + -25 - 96) + 102 - 2?
52
What is 233 + -147 + -12 + -12?
62
18 + 46 - (30 + -1)
35
Calculate 16 + (-14 - -8) + -22.
-12
What is the value of 8 + (-20 + 27 - 26) - -13?
2
Evaluate (-11 - (-42 - (21 - 41))) + 27.
38
Calculate (151 + -152 - (-13 + 1)) + 5 + 33.
49
Calculate (-71 - -45) + 33 - (0 - -4 - (-19 - -1)).
-15
Calculate 14 + (1412 + -1413 - (16 - 0)).
-3
(192 + -69 - 46) + -40
37
What is (-10 - 22) + (4 + -10 - (-7 + -5 + 7))?
-33
What is the value of (-41 - (51 + -143)) + -129?
-78
What is (11 - 2) + (-8 - (-69 + (2 - -9)))?
59
57 - (72 + -33 + 4)
14
702 + -642 - (15 - -5)
40
What is the value of 19 - (30 + 27 + -25) - -53?
40
What is -6 + (0 - 0) + 2 - (-1 + 24 + 6)?
-33
What is -56 - ((71 - 4) + -104)?
-19
4 + -93 + 1434 + -1370
-25
-33 + (1 - (16 + 2 - 9))
-41
Calculate -2 + 17 + 2 - 16 - 16 - 18.
-33
Evaluate 86 + -107 + (23 - (-11 + 13)).
0
What is -2 - (-21 - -36) - -21?
4
Evaluate -23 - ((18 - -23) + -114).
50
Evaluate (-482 - -552) + -11 + -10.
49
(3 - -1) + -2 + -691 + 701
12
What is -14 + 37 - -45 - 14?
54
Evaluate 724 + -765 + (1 - (-2 - -7) - 11).
-56
(-11 - (1 + -11)) + (-16 - -1) + -1
-17
Evaluate -9 - -1 - (-3 - (69 + -90)).
-26
Evaluate 9 + (-7 + -9 - -3) - (0 - -9).
-13
What is the value of (19 + -65 - -46) + 24?
24
What is the value of (16 - 4 - (91 + -4)) + 21?
-54
1 - 0 - (-35 - (-50 - (37 - 42)))
-9
What is (30 - (67 + -29)) + 58 - ((-1 - 0) + 6)?
45
(19 + -3 + -28 - 7) + 14
-5
Calculate 3 + -50 + -18 + 3 + (-1 - -13).
-50
Evaluate ((-28 - 1) + 7 - 8) + -20.
-50
2 - -63 - (93 - (138 + -79))
31
What is the value of (-15 + 76 - (38 - 73)) + 4?
100
Evaluate -22 - (-19 + (-20 - -37)) - 5.
-25
What is 21 + (45 - ((26 - 34) + 56))?
18
Calculate (18 - -3 - (54 - 19)) + 18 - (-2 - -108).
-102
What is the value of 7 + -1 + (-45 - -33) + 26 + 0 + -52?
-32
0 + 63 - ((-18 - 73 - -31) + 45)
78
Calculate -123 + 51 + 48 + -5.
-29
Calculate (453 - 474) + 1 + 48.
28
What is the value of -1 + -14 + -5 + (-122 - -124)?
-18
-55 + 21 + -16 + (13 - -3)
-34
What is the value of -9 + 5 + 1 + 28 + (0 - -3)?
28
What is 45 - (-1 + 6 + -7 + 7 + -4)?
44
What is the value of 7 + ((-9 - -7) + 7 - (-6 + 18)) + -7?
-7
What is -21 - (-47 - 1) - 35 - 71?
-79
Calculate -19 + 21 + (-1 - (-6 + -5 + 12)) - 25.
-25
What is the value of (76 + 0 - -25) + -86?
15
What is -14 + (-4 - 7 - (60 + -2))?
-83
Evaluate 393 + -335 + (5 - -1).
64
Evaluate (-11 - -16 - (-7 - (-23 + -7 + 13))) + 25.
20
Calculate -1181 + 1174 - (7 + 0 + 0) - -63.
49
-2 + 2 + (-119 - (13 + -3)) + -15 + 15
-129
Evaluate -706 + 691 + -2 + 26.
9
What is the value of 2 + (-746 - -718 - (1 - -12))?
-39
Calculate 38 + -4 - (114 - (-114 + 233)).
39
What is the value of 175 + -206 + -37 + 131?
63
What is the value of -46 + (-98 + 57 - -42)?
-45
Evaluate 87 - -2 - ((24 - -9) + -13).
69
Calculate 54 - -10 - (-19 - (-15 - -7 - 1)).
74
Calculate 8 - (242 + -235 - (3 + -4 + 7)).
7
3 + -14 + 1902 + -1949
-58
What is the value of (0 - -3) + (13 - -7 - 23) - -5 - 51?
-46
What is the value of 35 + -12 + 1 + (99 - 56 - 39)?
28
Evaluate -4 - 0 - (75 + (13 - 105)).
13
What is -42 + (-19 - (0 + (-53 - -34)))?
-42
Calculate -66 + 87 + (34 - 56).
-1
28 - 0 - (316 - 243)
-45
Calculate 53 + (-12 + -1 - -5 - -8).
53
What is the value of (9 - (-19 + 21 + -6)) + (-1 - 22)?
-10
Calculate -33 - (-1 - (-13 + 15)) - 11.
-41
-1278 - -1253 - (-14 + -5)
-6
-14 + 58 + (-76 - -4)
-28
Calculate 225 + -68 + -18 + -113.
26
Evaluate (73 - ((-42 - -1) + 29)) + 35.
120
10 - -4 - ((-1 - 8) + -38 + 42)
19
Calculate (97 - 115) + -25 + -5.
-48
(13 - 37) + -13 + (14 - 10) + 22
-11
What is the value of (3 + 19 - (27 - 76)) + (17 - 3)?
85
What is -12 + (9 - 17) + 33 + -5 + (-6 - -6)?
8
-142 + 5 + 790 + -692
-39
-81 - (14 + -14 - (5 + (12 - 43) + 15))
-92
Calculate -10 - (4 + -36 + -30 - (0 - 11)).
41
Evaluate (-3 - (11 + 4 + -5)) + -32 - (3 - 1).
-47
Calculate (-118 + 104 - (-8 + -7)) + (7 - 2).
6
1 + 2 + -29 + (14 - 2) + -47 + 44
-17
-17 + 34 + (-15 - -5 - -8)
15
What is -27 + 10 + (-11 - (16 + -26)) + 10 - 101?
-109
Evaluate (-13 - -32) + -11 - -23 - 6.
25
What is the value of -1 + 80 + 3 + (162 + -231 - -65)?
78
What is 20 - (12 - 13) - (-29 - -44)?
6
What is -35 - (-5 - 0 - (-298 - -303))?
-25
Evaluate (-728 - -754 - (0 - -56)) + 140.
110
What is 0 + 2 + -1 + -3 + 4 + -348 + 261?
-85
What is the value of 3 - 19 - -4 - (-4 + -9 - -1)?
0
What is 19 + -3 + -12 + -2 + -4 + 27?
25
Evaluate (-63 - (-41 + 14)) + 14 - 51.
-73
Evaluate -36 + -17 + 31 - -13 - 15.
-24
155 + -146 + 2 + (-5 - -1) + 22 + 2
31
Calculate 698 + -641 - (5 - -121).
-69
-32 - (22 + 8 + -6 + -6)
-50
3 + (-2 + 5 - ((-6 - -6) + 8))
-2
Calculate 991 + -1010 + (1 - -2) + 21.
5
-32 + 1 - ((7 + -4 - (21 + -26)) + -13)
-26
What is the value of (-1 + 4 - -16) + (-37 - -22) + -33?
-29
What is 8 + -6 + -13 + 15 - 10 - (1 + 60)?
-67
What is -6 + -17 + 4 - -53?
34
What is the value of 5755 - 5793 - (-1 + -38)?
1
-7 + (49 - 68) + 82
56
What is the value of 105 + -39 - 56 - 43?
-33
What is -1 + -24 - (10209 - 10218)?
-16
Evaluate ((29 - 15) + -4 - 15) + 36.
31
Calculate 33 - 80 - -26 - -46.
25
What is the value of -6 - -2 - -17 - (51 - (-28 + 26))?
-40
Calculate (-9 - -4 - -9) + 9 + -12 + -7.
-6
What is 29 - 95 - (-18 + -55)?
7
-75 - (21 - 61) - 6
-41
4 + 1 + 17 - (193 - 190)
19
What is the value of (-3 - (11 - 13 - 3)) + -12 - -48?
38
(3 - (1 - 41)) + -1 + -4 + 3
41
Calculate 2 + (11 - 23) - (-18 - 25).
33
19 - (-44 + 43 + 57)
-37
Evaluate -17 + -4 + -2 + (4 - (26 + 29 + -51)).
-23
166 - 135 - ((4 - -2) + 8)
17
What is the value of -39 + (20 - -48) + 27 + -46?
10
What is the value of -30 - (-117 - -50) - -34?
71
Calculate -19 + 34 - 31 - (-40 - 1 - 5).
30
What is -67 + 1 + (134 - (131 + -11))?
-52
Calculate (-59 - -112) + 47 + -41.
59
What is -39 + (-10 - 55 - -119)?
15
299 + -288 + (1 - -2 - 4 - -7)
17
What is -12 + 19 + (-5 + 4 + 19 - 1)?
24
Calculate -43 - (19 - (140 - -47) - 28).
153
What is the value of (-58 - (-2 + 0 + -3)) + (66 - 55)?
-42
-27 - (-28 + 9 + -1 + 8)
-15
Calculate -4 - (-117 - (-171 - 49)).
-107
21 - (15 - -11) - (17 - -9)
-31
Calculate 7 + 7 + (37 - 29) - 3.
19
What is 1 + -14 + (36 - 49) + 25 - -19?
18
What is the value of -22 + (-41 + -15 - -41)?
-37
What is -4 + -25 + (-20 - -12 - (-18 + 11)) + -7?
-37
Calculate (-2 - -2) + -27 + (-5 - 14 - (-18 - -2)).
-30
(19 - 70) + (4 - 3 - -13)
-37
(10 + -4 - 4) + 4 + -26
-20
What is the value of (-338 - -10